{"id":3820,"date":"2025-10-09T11:07:34","date_gmt":"2025-10-09T17:07:34","guid":{"rendered":"https:\/\/sda.campeche.gob.mx\/?page_id=3820"},"modified":"2025-10-24T12:31:44","modified_gmt":"2025-10-24T18:31:44","slug":"nosotros","status":"publish","type":"page","link":"https:\/\/sda.campeche.gob.mx\/?page_id=3820","title":{"rendered":"Nosotros"},"content":{"rendered":"<p>[et_pb_section fb_built=\u00bb1&#8243; _builder_version=\u00bb4.27.4&#8243; _module_preset=\u00bbdefault\u00bb global_colors_info=\u00bb{}\u00bb][et_pb_row _builder_version=\u00bb4.27.4&#8243; _module_preset=\u00bbdefault\u00bb global_colors_info=\u00bb{}\u00bb][et_pb_column type=\u00bb4_4&#8243; _builder_version=\u00bb4.27.4&#8243; _module_preset=\u00bbdefault\u00bb global_colors_info=\u00bb{}\u00bb][et_pb_text _builder_version=\u00bb4.27.4&#8243; _module_preset=\u00bbdefault\u00bb header_font=\u00bb|600|||||||\u00bb header_text_color=\u00bb#691C32&#8243; header_font_size=\u00bb35px\u00bb global_colors_info=\u00bb{}\u00bb]<\/p>\n<h1 style=\"text-align: center;\">Nosotros<\/h1>\n<p>[\/et_pb_text][et_pb_divider _builder_version=\u00bb4.27.4&#8243; _module_preset=\u00bbdefault\u00bb global_colors_info=\u00bb{}\u00bb][\/et_pb_divider][et_pb_button button_url=\u00bbhttps:\/\/sda.campeche.gob.mx\/wp-content\/uploads\/Organigrama-SDA.pdf\u00bb button_text=\u00bbOrganigrama\u00bb button_alignment=\u00bbcenter\u00bb _builder_version=\u00bb4.27.4&#8243; _module_preset=\u00bbdefault\u00bb custom_button=\u00bbon\u00bb button_text_color=\u00bb#FFFFFF\u00bb button_bg_color=\u00bb#9F2241&#8243; button_border_width=\u00bb0px\u00bb button_border_radius=\u00bb25px\u00bb hover_enabled=\u00bb0&#8243; global_colors_info=\u00bb{}\u00bb sticky_enabled=\u00bb0&#8243;][\/et_pb_button][\/et_pb_column][\/et_pb_row][et_pb_row _builder_version=\u00bb4.27.4&#8243; _module_preset=\u00bbdefault\u00bb global_colors_info=\u00bb{}\u00bb][et_pb_column type=\u00bb4_4&#8243; _builder_version=\u00bb4.27.4&#8243; _module_preset=\u00bbdefault\u00bb global_colors_info=\u00bb{}\u00bb][et_pb_text _builder_version=\u00bb4.27.4&#8243; _module_preset=\u00bbdefault\u00bb header_font=\u00bb|600|||||||\u00bb header_text_color=\u00bb#691C32&#8243; header_font_size=\u00bb35px\u00bb global_colors_info=\u00bb{}\u00bb]<\/p>\n<h1 style=\"text-align: center;\">Logros<\/h1>\n<p>[\/et_pb_text][et_pb_divider _builder_version=\u00bb4.27.4&#8243; _module_preset=\u00bbdefault\u00bb global_colors_info=\u00bb{}\u00bb][\/et_pb_divider][et_pb_text _builder_version=\u00bb4.27.4&#8243; _module_preset=\u00bbdefault\u00bb text_font_size=\u00bb16px\u00bb custom_margin=\u00bb||0px||false|false\u00bb custom_padding=\u00bb||0px||false|false\u00bb global_colors_info=\u00bb{}\u00bb]<\/p>\n<p style=\"text-align: justify;\"><span class=\"citation-11 citation-end-11\">Durante su segundo a\u00f1o de gesti\u00f3n, la Secretar\u00eda de Desarrollo Agropecuario de Campeche invirti\u00f3 m\u00e1s de 84.6 millones de pesos en infraestructura agropecuaria, beneficiando a casi 8,000 productores con la rehabilitaci\u00f3n de jag\u00fceyes, perforaci\u00f3n de pozos y caminos cosecheros<source-footnote ng-version=\"0.0.0-PLACEHOLDER\" _nghost-ng-c4075846560=\"\"><sup _ngcontent-ng-c4075846560=\"\" class=\"superscript\" data-turn-source-index=\"1\"><\/sup><\/source-footnote><source-footnote ng-version=\"0.0.0-PLACEHOLDER\" _nghost-ng-c4075846560=\"\"><sup _ngcontent-ng-c4075846560=\"\" class=\"superscript\" data-turn-source-index=\"1\"><\/sup><\/source-footnote><source-footnote ng-version=\"0.0.0-PLACEHOLDER\" _nghost-ng-c4075846560=\"\"><sup _ngcontent-ng-c4075846560=\"\" class=\"superscript\" data-turn-source-index=\"1\"><\/sup><\/source-footnote><source-footnote ng-version=\"0.0.0-PLACEHOLDER\" _nghost-ng-c4075846560=\"\"><sup _ngcontent-ng-c4075846560=\"\" class=\"superscript\" data-turn-source-index=\"1\"><\/sup><\/source-footnote><\/span>. <span class=\"citation-10 citation-end-10\">Se impuls\u00f3 el sector agr\u00edcola, con un valor de casi 7 mil millones de pesos, mediante la mecanizaci\u00f3n de tierras y la entrega de fertilizantes, semillas y plantas<source-footnote ng-version=\"0.0.0-PLACEHOLDER\" _nghost-ng-c4075846560=\"\"><sup _ngcontent-ng-c4075846560=\"\" class=\"superscript\" data-turn-source-index=\"2\"><\/sup><\/source-footnote><source-footnote ng-version=\"0.0.0-PLACEHOLDER\" _nghost-ng-c4075846560=\"\"><sup _ngcontent-ng-c4075846560=\"\" class=\"superscript\" data-turn-source-index=\"2\"><\/sup><\/source-footnote><source-footnote ng-version=\"0.0.0-PLACEHOLDER\" _nghost-ng-c4075846560=\"\"><sup _ngcontent-ng-c4075846560=\"\" class=\"superscript\" data-turn-source-index=\"2\"><\/sup><\/source-footnote><source-footnote ng-version=\"0.0.0-PLACEHOLDER\" _nghost-ng-c4075846560=\"\"><sup _ngcontent-ng-c4075846560=\"\" class=\"superscript\" data-turn-source-index=\"2\"><\/sup><\/source-footnote><source-footnote ng-version=\"0.0.0-PLACEHOLDER\" _nghost-ng-c4075846560=\"\"><sup _ngcontent-ng-c4075846560=\"\" class=\"superscript\" data-turn-source-index=\"2\"><\/sup><\/source-footnote><source-footnote ng-version=\"0.0.0-PLACEHOLDER\" _nghost-ng-c4075846560=\"\"><sup _ngcontent-ng-c4075846560=\"\" class=\"superscript\" data-turn-source-index=\"2\"><\/sup><\/source-footnote><source-footnote ng-version=\"0.0.0-PLACEHOLDER\" _nghost-ng-c4075846560=\"\"><sup _ngcontent-ng-c4075846560=\"\" class=\"superscript\" data-turn-source-index=\"2\"><\/sup><\/source-footnote><source-footnote ng-version=\"0.0.0-PLACEHOLDER\" _nghost-ng-c4075846560=\"\"><sup _ngcontent-ng-c4075846560=\"\" class=\"superscript\" data-turn-source-index=\"2\"><\/sup><\/source-footnote><source-footnote ng-version=\"0.0.0-PLACEHOLDER\" _nghost-ng-c4075846560=\"\"><sup _ngcontent-ng-c4075846560=\"\" class=\"superscript\" data-turn-source-index=\"2\"><\/sup><\/source-footnote><source-footnote ng-version=\"0.0.0-PLACEHOLDER\" _nghost-ng-c4075846560=\"\"><sup _ngcontent-ng-c4075846560=\"\" class=\"superscript\" data-turn-source-index=\"2\"><\/sup><\/source-footnote><source-footnote ng-version=\"0.0.0-PLACEHOLDER\" _nghost-ng-c4075846560=\"\"><sup _ngcontent-ng-c4075846560=\"\" class=\"superscript\" data-turn-source-index=\"2\"><\/sup><\/source-footnote><source-footnote ng-version=\"0.0.0-PLACEHOLDER\" _nghost-ng-c4075846560=\"\"><sup _ngcontent-ng-c4075846560=\"\" class=\"superscript\" data-turn-source-index=\"2\"><\/sup><\/source-footnote><source-footnote ng-version=\"0.0.0-PLACEHOLDER\" _nghost-ng-c4075846560=\"\"><sup _ngcontent-ng-c4075846560=\"\" class=\"superscript\" data-turn-source-index=\"2\"><\/sup><\/source-footnote><source-footnote ng-version=\"0.0.0-PLACEHOLDER\" _nghost-ng-c4075846560=\"\"><sup _ngcontent-ng-c4075846560=\"\" class=\"superscript\" data-turn-source-index=\"2\"><\/sup><\/source-footnote><source-footnote ng-version=\"0.0.0-PLACEHOLDER\" _nghost-ng-c4075846560=\"\"><sup _ngcontent-ng-c4075846560=\"\" class=\"superscript\" data-turn-source-index=\"2\"><\/sup><\/source-footnote><source-footnote ng-version=\"0.0.0-PLACEHOLDER\" _nghost-ng-c4075846560=\"\"><sup _ngcontent-ng-c4075846560=\"\" class=\"superscript\" data-turn-source-index=\"2\"><\/sup><\/source-footnote><\/span>.<\/p>\n<p>[\/et_pb_text][et_pb_text _builder_version=\u00bb4.27.4&#8243; _module_preset=\u00bbdefault\u00bb text_text_color=\u00bb#9F2241&#8243; text_font_size=\u00bb16px\u00bb custom_margin=\u00bb0px||||false|false\u00bb custom_padding=\u00bb0px||||false|false\u00bb link_option_url=\u00bbhttps:\/\/sda.campeche.gob.mx\/wp-content\/uploads\/LOGROS-SDA-2022.pdf\u00bb hover_enabled=\u00bb0&#8243; global_colors_info=\u00bb{}\u00bb sticky_enabled=\u00bb0&#8243;]<\/p>\n<p style=\"text-align: right;\"><em>Leer m\u00e1s&#8230;<\/em><\/p>\n<p>[\/et_pb_text][\/et_pb_column][\/et_pb_row][et_pb_row _builder_version=\u00bb4.27.4&#8243; _module_preset=\u00bbdefault\u00bb global_colors_info=\u00bb{}\u00bb][et_pb_column type=\u00bb4_4&#8243; _builder_version=\u00bb4.27.4&#8243; _module_preset=\u00bbdefault\u00bb global_colors_info=\u00bb{}\u00bb][et_pb_text _builder_version=\u00bb4.27.4&#8243; _module_preset=\u00bbdefault\u00bb header_font=\u00bb|600|||||||\u00bb header_text_color=\u00bb#691C32&#8243; header_font_size=\u00bb35px\u00bb global_colors_info=\u00bb{}\u00bb]<\/p>\n<h1 style=\"text-align: center;\">Misi\u00f3n<\/h1>\n<p>[\/et_pb_text][et_pb_divider _builder_version=\u00bb4.27.4&#8243; _module_preset=\u00bbdefault\u00bb global_colors_info=\u00bb{}\u00bb][\/et_pb_divider][et_pb_text _builder_version=\u00bb4.27.4&#8243; _module_preset=\u00bbdefault\u00bb text_font_size=\u00bb16px\u00bb custom_margin=\u00bb||0px||false|false\u00bb custom_padding=\u00bb||0px||false|false\u00bb global_colors_info=\u00bb{}\u00bb]<\/p>\n<p style=\"text-align: justify;\">Ser la Instituci\u00f3n Centralizada Estatal que apoye y genere la creaci\u00f3n de pol\u00edticas p\u00fablicas innovadoras para el desarrollo, impulso y transformaci\u00f3n sustentable del sector Agropecuario del Estado de Campeche.<\/p>\n<p>[\/et_pb_text][\/et_pb_column][\/et_pb_row][et_pb_row _builder_version=\u00bb4.27.4&#8243; _module_preset=\u00bbdefault\u00bb global_colors_info=\u00bb{}\u00bb][et_pb_column type=\u00bb4_4&#8243; _builder_version=\u00bb4.27.4&#8243; _module_preset=\u00bbdefault\u00bb global_colors_info=\u00bb{}\u00bb][et_pb_text _builder_version=\u00bb4.27.4&#8243; _module_preset=\u00bbdefault\u00bb header_font=\u00bb|600|||||||\u00bb header_text_color=\u00bb#691C32&#8243; header_font_size=\u00bb35px\u00bb global_colors_info=\u00bb{}\u00bb]<\/p>\n<h1 style=\"text-align: center;\">Visi\u00f3n<\/h1>\n<p>[\/et_pb_text][et_pb_divider _builder_version=\u00bb4.27.4&#8243; _module_preset=\u00bbdefault\u00bb global_colors_info=\u00bb{}\u00bb][\/et_pb_divider][et_pb_text _builder_version=\u00bb4.27.4&#8243; _module_preset=\u00bbdefault\u00bb text_font_size=\u00bb16px\u00bb custom_margin=\u00bb||0px||false|false\u00bb custom_padding=\u00bb||0px||false|false\u00bb global_colors_info=\u00bb{}\u00bb]<\/p>\n<p style=\"text-align: justify;\">Lograr un sistema agropecuario estatal equitativo, integral, efectivo, de calidad y sustentable, con un particular enfoque a los productores agr\u00edcolas, ap\u00edcolas y pecuarios de las zonas rurales del Estado; a trav\u00e9s de la consolidaci\u00f3n de mecanismos administrativos que promuevan el sector agropecuario del Estado, implementando y ejecutando programas p\u00fablicos que beneficien a los productores Campechanos y evitar riesgos fitosanitarios dentro del territorio Campechano.<\/p>\n<p>[\/et_pb_text][\/et_pb_column][\/et_pb_row][\/et_pb_section]<\/p>\n","protected":false},"excerpt":{"rendered":"<p>NosotrosLogrosDurante su segundo a\u00f1o de gesti\u00f3n, la Secretar\u00eda de Desarrollo Agropecuario de Campeche invirti\u00f3 m\u00e1s de 84.6 millones de pesos en infraestructura agropecuaria, beneficiando a casi 8,000 productores con la rehabilitaci\u00f3n de jag\u00fceyes, perforaci\u00f3n de pozos y caminos cosecheros. Se impuls\u00f3 el sector agr\u00edcola, con un valor de casi 7 mil millones de pesos, mediante [&hellip;]<\/p>\n","protected":false},"author":3,"featured_media":0,"parent":0,"menu_order":0,"comment_status":"closed","ping_status":"closed","template":"","meta":{"_acf_changed":false,"_et_pb_use_builder":"on","_et_pb_old_content":"","_et_gb_content_width":"","inline_featured_image":false,"footnotes":""},"class_list":["post-3820","page","type-page","status-publish","hentry"],"acf":[],"_links":{"self":[{"href":"https:\/\/sda.campeche.gob.mx\/index.php?rest_route=\/wp\/v2\/pages\/3820","targetHints":{"allow":["GET"]}}],"collection":[{"href":"https:\/\/sda.campeche.gob.mx\/index.php?rest_route=\/wp\/v2\/pages"}],"about":[{"href":"https:\/\/sda.campeche.gob.mx\/index.php?rest_route=\/wp\/v2\/types\/page"}],"author":[{"embeddable":true,"href":"https:\/\/sda.campeche.gob.mx\/index.php?rest_route=\/wp\/v2\/users\/3"}],"replies":[{"embeddable":true,"href":"https:\/\/sda.campeche.gob.mx\/index.php?rest_route=%2Fwp%2Fv2%2Fcomments&post=3820"}],"version-history":[{"count":7,"href":"https:\/\/sda.campeche.gob.mx\/index.php?rest_route=\/wp\/v2\/pages\/3820\/revisions"}],"predecessor-version":[{"id":4133,"href":"https:\/\/sda.campeche.gob.mx\/index.php?rest_route=\/wp\/v2\/pages\/3820\/revisions\/4133"}],"wp:attachment":[{"href":"https:\/\/sda.campeche.gob.mx\/index.php?rest_route=%2Fwp%2Fv2%2Fmedia&parent=3820"}],"curies":[{"name":"wp","href":"https:\/\/api.w.org\/{rel}","templated":true}]}}